tors of ((-270)/(-63))/(-10) - 962/(-7)?
137
Suppose 2*g - 4*g + 2*b = -130, -3*g - 2*b + 215 = 0. Suppose 5*y - 101 = -2*l, -2*y - 4*l + g = y. List the prime factors of y.
19
What are the prime factors of 145/5 + 6/(-2)?
2, 13
Let j(x) be the third derivative of x**6/120 - x**5/10 + 7*x**4/24 + x**3/6 + x**2. What are the prime factors of j(5)?
11
Suppose 2*m = -2*a + 88, -2*a + 7*m - 2*m = -88. List the prime factors of a.
2, 11
What are the prime factors of (-4 - 0 - -3)*-7?
7
Let t(l) = l**2 + 4. Let u be t(0). Suppose 5*v - 54 = -3*j + 3*v, u*j + 3*v = 71. Suppose 3*c - c = 4*w + 20, w - j = -2*c. What are the prime factors of c?
2, 5
What are the prime factors of -3*(3 - 52/12)?
2
Let n be (6/(-3))/(4/6). List the prime factors of n/(-12) - 102/(-8).
13
Suppose g + 0*g + 3*v = -4, 20 = -5*g + 2*v. List the prime factors of g/30 - (-512)/15.
2, 17
Suppose 0 = 5*q + 28 - 83. List the prime factors of q.
11
Suppose 3*i - 557 = -l, -3*i + 2*l - 4*l + 562 = 0. What are the prime factors of i?
2, 23
Let n(g) = g**3 + 8*g**2 - 2*g - 11. Let h be n(-8). Suppose h*i - 8 = -j, 0 = 2*j - i - 4 - 34. List the prime factors of j.
2, 3
Suppose 7*g - 2*g = 0. Suppose g*i = 3*i - 6. List the prime factors of i.
2
Suppose 6*h + 10 = 11*h + 4*q, 25 = 5*h + q. What are the prime factors of h?
2, 3
Let g(c) = -7 - 1 + 0*c - c**2 + 0*c**2 - 9*c. List the prime factors of g(-6).
2, 5
Let p(l) = -2*l**2 - 5*l - 8. Let r be p(-6). Let b = r - -108. What are the prime factors of b?
2, 29
List the prime factors of (11/1 - 1) + 0.
2, 5
Let t(j) = j - 5. Let o be t(9). Let p be -2 + (1 - 0) + 4. Suppose 0 = 4*q + q + 5, o*q = p*i - 16. List the prime factors of i.
2
Suppose 0 = -5*s - 0*s + 1835. What are the prime factors of s?
367
Let c(x) = x - 1. Let m be c(5). What are the prime factors of m/6 - 328/(-12)?
2, 7
Let u(p) = -2*p + 28. What are the prime factors of u(0)?
2, 7
Suppose 10 = -2*z, 2*z - z - 20 = -5*y. Suppose -y + 17 = -2*g. List the prime factors of (-18)/12*44/g.
11
Suppose -2*f = 2*k - 18, f - 21 = -f + k. What are the prime factors of f?
2, 5
Let l(f) = -11*f + 1. Let c(r) = -2*r + 9. Let p be c(6). List the prime factors of l(p).
2, 17
Suppose -3*s = -2*m - 34, 5*s + 12 = m + 71. Suppose 3*b - 51 = 5*y - s, 5*y - 25 = -5*b. List the prime factors of b.
2
Let p(d) = d**3 - 4*d**2 + 3*d + 3. Suppose 25 = 2*z + 3*z. List the prime factors of p(z).
43
Let l be -3 - (2 - 4)*(-3)/(-2). Let n be ((-4)/(-10))/(1/110). Suppose l = -r + 5*r - n. What are the prime factors of r?
11
Let p(z) = z**2 + 4*z - 4. Let k be p(6). What are the prime factors of (12/14)/(2/k)?
2, 3
Let t(j) = j**2 + 34. What are the prime factors of t(0)?
2, 17
Let i = 30 - -49. What are the prime factors of i?
79
Suppose -586*l = -585*l - 127. What are the prime factors of l?
127
Let s(i) = 56*i**3 + i. List the prime factors of s(1).
3, 19
Let b be (1 - 2) + 5 - -10. Let y(j) = -j**2 + 15*j + 16. List the prime factors of y(b).
2, 3, 5
Let q(r) be the third derivative of r**4/24 + r**3 - 3*r**2. What are the prime factors of q(5)?
11
Suppose 5*o - 36 - 24 = 0. Suppose -16 = 7*s - 3*s, 2*q + s - o = 0. What are the prime factors of q?
2
Suppose 0 = -5*s - l + 285, 5*l = s - 0*s - 57. What are the prime factors of s?
3, 19
Suppose 0 = 5*l - 6*l + 127. List the prime factors of l.
127
Let k(v) = v**2 - 2*v - 5. Let g be k(4). Let o(j) = j**2 - j - 3. Let w be o(g). Suppose -w*f - 1 = -22. What are the prime factors of f?
7
Let r(l) be the second derivative of 5*l**4/6 + l**3/6 - l**2 - 4*l. List the prime factors of r(-2).
2, 3
Let p(b) = -4*b**2 - 5*b - 4. Let i(m) = 7*m**2 + 11*m + 8. Let s(n) = -3*i(n) - 5*p(n). What are the prime factors of s(-6)?
2
Let r = 33 - 8. List the prime factors of r.
5
Let s(h) = 4*h**2 + 8*h + 8. Let c be s(-6). Let u = c + -65. Let i = -26 + u. List the prime factors of i.
13
Let j(c) = c**3 + 4*c**2 + c + 4. Let y be 1*(-5)/((-5)/(-4)). Let m be j(y). Suppose 2*z - 3*q - 11 = 0, -3*q - 1 = -m*z - z. What are the prime factors of z?
2, 5
Let d(q) be the third derivative of q**5/60 - q**4/24 + 2*q**2. Let p be d(2). List the prime factors of ((-6)/3)/(p/(-3)).
3
Let p = 571 - 375. What are the prime factors of p?
2, 7
Suppose 4*x + 2 + 6 = 0. List the prime factors of (-242)/(-14) - x/(-7).
17
Let s(o) = -o**2 + o + 8. Let d be s(0). Suppose 7*g = d*g - 11. What are the prime factors of g?
11
Let f(m) = 4 + 3*m**2 + 0*m**2 + 2*m + 0*m. Let d be f(-3). Suppose 5*s - d = -0*s. List the prime factors of s.
5
Let f(h) = -6*h**2 + 3*h. Let m be f(2). List the prime factors of (16/12)/((-2)/m).
2, 3
Let w(q) = 47*q**2. What are the prime factors of w(-1)?
47
Let h(g) = -g**3 - 9*g**2 - 6*g + 9. Let o be h(-8). Let x = o + 11. What are the prime factors of x?
2
Suppose 15 + 72 = j - 3*t, -2*t = 3*j - 228. What are the prime factors of j?
2, 3, 13
Suppose 3*i - 77 = -5*w, -w - 3*i = -3*w + 35. What are the prime factors of (1 - -25)/(w/8)?
13
Let k(n) = 6*n + 0 - 3 + 2. Suppose -x + 2 = x. List the prime factors of k(x).
5
Let a(h) = h**2 - 8*h + 7. Suppose -2*u + 22 = -0*u. Suppose -u = -3*l + 13. List the prime factors of a(l).
7
Let o(h) be the first derivative of -h**4/4 - 2*h - 1. Let z be o(0). List the prime factors of 27/z*4/(-6).
3
Let l(p) = p**2 + 6*p - 4. List the prime factors of l(-10).
2, 3
Let h = -5 + 38. Suppose -h + 8 = -5*k. Suppose k*o - 19 - 46 = 0. What are the prime factors of o?
13
Let n = -1 + 16. Let a = -10 + n. List the prime factors of a.
5
Suppose 3*c - 27 = -12. Suppose -2*a + c*w = -79, -5*w - 143 = -0*a - 4*a. What are the prime factors of a?
2
Let f = 15 + 11. Suppose -3*z + 4*z = f. List the prime factors of z.
2, 13
Suppose -5*v = 16 - 61. What are the prime factors of v?
3
List the prime factors of ((-6)/(-15)*51)/((-3)/(-15)).
2, 3, 17
What are the prime factors of (1/(-2))/((-2)/36)?
3
What are the prime factors of -10*(2 + 22/(-4))?
5, 7
What are the prime factors of 1359/15 + 14/35?
7, 13
Suppose -2*f = -3*f + 31. Suppose 0 = 4*o + f - 7. Let t = o + 11. List the prime factors of t.
5
Let u(f) = -20*f**2 - 13*f - 74. Let t(l) = 7*l**2 + 4*l + 25. Let m(i) = -17*t(i) - 6*u(i). What are the prime factors of m(-8)?
3
Let y be ((-3)/(-9))/(1/6). Suppose -3*a - 5*t - 27 = -4*a, -y*t = -3*a + 55. List the prime factors of a.
17
Let r = -15 - -4. Let s = 15 + r. What are the prime factors of s?
2
Suppose -160 = -0*o - 5*o. List the prime factors of o.
2
Let o(n) = -3*n**2 + 11*n - 6. Let b be o(5). Let s = -7 - b. What are the prime factors of s?
19
Suppose 2*c - 41 = -1. Let a = 36 - c. What are the prime factors of a?
2
Suppose -4*l + 3*b = 0, l + 3*b - b + 11 = 0. Let t = 3 - l. What are the prime factors of t?
2, 3
Let h = 2 - -3. Suppose 0*n = -3*n + 165. Suppose n = h*q + 5*r, -q + 3*r + 2*r = 7. What are the prime factors of q?
2
Suppose -3*c + 6*c - 6 = 0. Let f(h) = -h**2 + 7*h + 3. Let o be f(7). Suppose -c*y + 55 = o*y. List the prime factors of y.
11
Let h(t) = t - 1. Let p be h(3). Let a(k) = k**2 - 12*k**3 + 0*k + p*k - 1 + 2. List the prime factors of a(-1).
2, 3
Suppose 0 = -4*d - 0 + 24. What are the prime factors of d?
2, 3
Suppose -1 + 3 = -2*d. What are the prime factors of 25 + (d - 1)*1?
23
Let v be 2 + 1*3*-6. Let z = 23 + v. List the prime factors of z.
7
Let i(t) = t + 1. Let x be i(-3). Let a be (-1 - -3)/((-2)/(-4)). Let n = x + a. What are the prime factors of n?
2
Suppose -h + 4*q = -256, q - 4*q = -6. List the prime factors of h.
2, 3, 11
Suppose 5*u + 10 = 0, 2*u + 22 = -a - 0*a. List the prime factors of 1 + -4 - a*1.
3, 5
Let l(q) = q + 3. Let f be l(-5). Let o be 2/f + (2 - -1). What are the prime factors of 60/(-35)*(-14)/o?
2, 3
Let u be 4/(-2) + -1 + 16. Suppose -4*r + u = 4*h + 1, -5*h + 4*r = -15. List the prime factors of h.
3
Suppose 4*m - 16 = 0, -3*m + 99 = w - 0*w. What are the prime factors of w?
3, 29
Let z(r) = r**3 + 4*r**2 - 6*r - 2. Suppose -2*a - 3*a - 25 = 0. Let x be z(a). Suppose 3*d - 4*d = 1, -x*b + 32 = d. What are the prime factors of b?
11
Let b be (-2)/(-2) + -1 - 0. Suppose 0 = -5*u + w + 22, b = 4*u + u - 4*w - 13. Let l = u - -1. What are the prime factors of l?
2, 3
Let f(o) = 7*o**3 + o**2. Let b be f(-1). Let h(g) be the third derivative of -g**4/24 + g*